{"id":617,"date":"2024-10-17T18:24:34","date_gmt":"2024-10-17T18:24:34","guid":{"rendered":"https:\/\/idsmovil.com.mx\/?page_id=617"},"modified":"2024-10-22T22:28:35","modified_gmt":"2024-10-22T22:28:35","slug":"complemento-ids","status":"publish","type":"page","link":"https:\/\/idsmovil.com.mx\/?page_id=617","title":{"rendered":"COMPLEMENTO IDS"},"content":{"rendered":"\n<p class=\"has-medium-font-size\"><strong>CFDI Complemento de Pagos IDS.<\/strong><\/p>\n\n\n\n<div style=\"height:100px\" aria-hidden=\"true\" class=\"wp-block-spacer\"><\/div>\n\n\n\n<p>En&nbsp;<strong>Inform\u00e1tica y Desarrollo en Sistemas&nbsp;<\/strong>&nbsp;se encuentra en etapa de implementado en algunas industrias, tales como de Consumo Masivo y Retail el proceso de Complemento de Pagos de SAT, esta soluci\u00f3n de Complemento de Pagos la cual facilitar\u00e1 la conciliaci\u00f3n de las facturas vs los pagos, considerando dos escenarios:<\/p>\n\n\n\n<ul class=\"wp-block-list\">\n<li>El modelo de pago en parcialidades&nbsp;u operaciones a cr\u00e9dito.<\/li>\n\n\n\n<li>El modelo de pagos diferidos, es decir, aquellos que se acuerdan liquidar en una sola exhibici\u00f3n, pero no cubierta al momento de la expedici\u00f3n.<\/li>\n\n\n\n<li>Factoraje.<\/li>\n\n\n\n<li>Conectividad con cualquier tecnolog\u00eda al PAC.<\/li>\n<\/ul>\n\n\n\n<p>En todos los casos se&nbsp;deber\u00e1 detallar&nbsp;la cantidad que se paga e identificar la factura cuyo saldo se est\u00e1&nbsp;liquidando o se cubre de forma parcial. Con estos modelos se busca solventar algunas de las siguientes situaciones:<\/p>\n\n\n\n<ul class=\"wp-block-list\">\n<li>Hoy no es posible saber si una factura ha sido o no pagada.<\/li>\n\n\n\n<li>Existen cancelaciones indebidas de facturas que han sido pagadas.<\/li>\n\n\n\n<li>Puede generarse duplicidad de ingresos en facturaci\u00f3n de parcialidades.<\/li>\n\n\n\n<li>Emisi\u00f3n de facturas en operaciones a cr\u00e9dito o pago diferido en las que el receptor de la factura no realiza el pago pactado, pero si utiliza la factura para deducir y acreditar impuestos.<\/li>\n<\/ul>\n\n\n\n<div style=\"height:100px\" aria-hidden=\"true\" class=\"wp-block-spacer\"><\/div>\n\n\n<div class=\"is-default-size aligncenter wp-block-site-logo\"><a href=\"https:\/\/idsmovil.com.mx\/\" class=\"custom-logo-link\" rel=\"home\"><img fetchpriority=\"high\" decoding=\"async\" width=\"559\" height=\"216\" src=\"https:\/\/idsmovil.com.mx\/wp-content\/uploads\/2024\/10\/cropped-cropped-LOGO_SITIO-IDS_2.png\" class=\"custom-logo\" alt=\"idsmovil.com.mx\" srcset=\"https:\/\/idsmovil.com.mx\/wp-content\/uploads\/2024\/10\/cropped-cropped-LOGO_SITIO-IDS_2.png 559w, https:\/\/idsmovil.com.mx\/wp-content\/uploads\/2024\/10\/cropped-cropped-LOGO_SITIO-IDS_2-200x77.png 200w\" sizes=\"(max-width: 559px) 100vw, 559px\" \/><\/a><\/div>\n\n\n<p><\/p>\n","protected":false},"excerpt":{"rendered":"<p>CFDI Complemento de Pagos IDS. En&nbsp;Inform\u00e1tica y Desarrollo en Sistemas&nbsp;&nbsp;se encuentra en etapa de implementado en algunas industrias, tales como de Consumo Masivo y Retail el proceso de Complemento de Pagos de SAT, esta soluci\u00f3n de Complemento de Pagos la cual facilitar\u00e1 la conciliaci\u00f3n de las facturas vs los pagos, considerando dos escenarios: En todos&hellip; <br \/> <a class=\"read-more\" href=\"https:\/\/idsmovil.com.mx\/?page_id=617\">Read more<\/a><\/p>\n","protected":false},"author":2,"featured_media":0,"parent":0,"menu_order":0,"comment_status":"closed","ping_status":"closed","template":"","meta":{"footnotes":""},"class_list":["post-617","page","type-page","status-publish","hentry"],"_links":{"self":[{"href":"https:\/\/idsmovil.com.mx\/index.php?rest_route=\/wp\/v2\/pages\/617","targetHints":{"allow":["GET"]}}],"collection":[{"href":"https:\/\/idsmovil.com.mx\/index.php?rest_route=\/wp\/v2\/pages"}],"about":[{"href":"https:\/\/idsmovil.com.mx\/index.php?rest_route=\/wp\/v2\/types\/page"}],"author":[{"embeddable":true,"href":"https:\/\/idsmovil.com.mx\/index.php?rest_route=\/wp\/v2\/users\/2"}],"replies":[{"embeddable":true,"href":"https:\/\/idsmovil.com.mx\/index.php?rest_route=%2Fwp%2Fv2%2Fcomments&post=617"}],"version-history":[{"count":4,"href":"https:\/\/idsmovil.com.mx\/index.php?rest_route=\/wp\/v2\/pages\/617\/revisions"}],"predecessor-version":[{"id":757,"href":"https:\/\/idsmovil.com.mx\/index.php?rest_route=\/wp\/v2\/pages\/617\/revisions\/757"}],"wp:attachment":[{"href":"https:\/\/idsmovil.com.mx\/index.php?rest_route=%2Fwp%2Fv2%2Fmedia&parent=617"}],"curies":[{"name":"wp","href":"https:\/\/api.w.org\/{rel}","templated":true}]}}