{"id":560,"date":"2024-10-17T16:53:11","date_gmt":"2024-10-17T16:53:11","guid":{"rendered":"https:\/\/idsmovil.com.mx\/?page_id=560"},"modified":"2024-10-17T16:54:17","modified_gmt":"2024-10-17T16:54:17","slug":"aviso-de-provacidad","status":"publish","type":"page","link":"https:\/\/idsmovil.com.mx\/?page_id=560","title":{"rendered":"AVISO DE PROVACIDAD"},"content":{"rendered":"\n<p><strong>IDENTIFICACI\u00d3N Y DOMICILIO DEL RESPONSABLE.<\/strong><\/p>\n\n\n\n<p>INFORM\u00c1TICA Y DESARROLLO EN SISTEMAS, S. A. DE C.V., con domicilio ubicado en Daniel Huacuja Numero 32, Colonia Magisterial Vista Bella, Tlalnepantla Estado de M\u00e9xico, C. P. 54050, es responsable de recabar sus datos personales para los efectos enlistados en el presente aviso, as\u00ed como del uso y la protecci\u00f3n de los mismos.<\/p>\n\n\n\n<p><strong>FINALIDADES DEL TRATAMIENTO DE DATOS PERSONALES.<\/strong><\/p>\n\n\n\n<p>Por lo anterior, de conformidad con lo estipulado en la Ley Federal de Protecci\u00f3n de Datos Personales en Posesi\u00f3n de los Particulares (en adelante \u201cLA LEY\u201d), \u201cINFORM\u00c1TICA Y DESARROLLO EN SISTEMAS, S. A. DE C. V.\u201d le informa que la finalidad del tratamiento de sus datos personales por parte de la misma, de manera enunciativa m\u00e1s no limitativa ser\u00e1 para una de las siguientes opciones: Informaci\u00f3n sobre Capacitaciones, servicios de consultor\u00eda, beneficios de consultor\u00eda, an\u00e1lisis de consultor\u00eda,&nbsp;&nbsp;informaci\u00f3n de nuevas herramientas, invitaciones a participar en foros de ASUG M\u00c9XICO,&nbsp;&nbsp;actualizaci\u00f3n de bases de datos internas, para el uso de fines comerciales, operativos, de servicio, estad\u00edsticos, registro de clientes, proveedores y empleados, encuestas de servicio, emisi\u00f3n de la factura, para realizar auditor\u00edas, entre otros.<\/p>\n\n\n\n<p><strong>MEDIOS Y PROCEDIMIENTOS PARA EL EJERCICIO DE LOS \u201cDERECHOS ARCO\u201d Y PARA LIMITAR EL USO O DIVULGACI\u00d3N DE LOS DATOS.<\/strong><\/p>\n\n\n\n<p>Mediante el presente aviso,&nbsp;\u201cINFORM\u00c1TICA Y DESARROLLO EN SISTEMAS, S. A. DE C. V.\u201d&nbsp;le informa que Usted tiene derecho de acceder, rectificar y cancelar sus datos personales, as\u00ed como de oponerse al tratamiento de los mismos o revocar el consentimiento para el fin que nos haya otorgado. Para ello Usted puede ponerse en contacto con nosotros en la direcci\u00f3n, tel\u00e9fonos y\/o correos electr\u00f3nicos que mencionamos a continuaci\u00f3n:<\/p>\n\n\n\n<p><strong>Domicilio<\/strong>:&nbsp;Daniel Huacuja Numero 32, Colonia Magisterial Vista Bella, Tlalnepantla, Estado de M\u00e9xico.<\/p>\n\n\n\n<p><strong>Correo electr\u00f3nico<\/strong>:<\/p>\n\n\n\n<p>&nbsp;<a href=\"mailto:avisodeprivacidad@idsmovil.com.mx\">avisodeprivacidad@idsmovil.com.mx<\/a><\/p>\n\n\n\n<p><br><strong>Tel\u00e9fonos<\/strong>: +(55) 1663-0359.<\/p>\n\n\n\n<p>Los horarios de atenci\u00f3n son de lunes a viernes de 9:00 a 14:00 horas y de 15:00 a 18:00 horas.<\/p>\n\n\n\n<p><strong>TRANSFERENCIAS DE DATOS PERSONALES.<\/strong><\/p>\n\n\n\n<p>Asimismo, le informamos que sus datos personales pueden ser transferidos y tratados dentro y fuera del pa\u00eds, por personas distintas a&nbsp;\u201cINFORM\u00c1TICA Y DESARROLLO EN SISTEMAS, S. A. DE C. V.\u201d&nbsp;En ese sentido, su informaci\u00f3n puede ser compartida con a terceros que act\u00faen en nombre de&nbsp;\u201cINFORM\u00c1TICA Y DESARROLLO EN SISTEMAS, S. A. DE C. V.\u201d&nbsp;o cualquier empresa de su mismo grupo corporativo ya sean nacionales o extranjeras, para procesarlos de acuerdo con el\/los objetivo(s) para los cuales fueron originariamente recopilados o procesarse para cualquier otro objetivo autorizado por \u201cLA LEY\u201d, en el entendido de que estos terceros deber\u00e1n de obligarse para que dichos datos personales y datos personales sensibles sean utilizados solamente para el cumplimiento de los objetivos acordados as\u00ed como a no vender o revelar su informaci\u00f3n personal y\/o personal sensible a terceros, excepto en aquellos casos autorizados por \u201cLA LEY\u201d, con previa autorizaci\u00f3n de&nbsp;\u201cINFORM\u00c1TICA Y DESARROLLO EN SISTEMAS, S. A. DE C. V.\u201d<\/p>\n\n\n\n<p>Si Usted no manifiesta su oposici\u00f3n, por medio de un correo electr\u00f3nico o comunicaci\u00f3n a las direcciones antes mencionadas, para que sus datos personales sean transferidos, se entender\u00e1 que ha otorgado su consentimiento para ello.<\/p>\n\n\n\n<p><strong>PROCEDIMIENTO Y MECANISMO PARA CONOCER CAMBIOS EN EL AVISO DE PRIVACIDAD.<\/strong><\/p>\n\n\n\n<p>Cualquier modificaci\u00f3n a este Aviso de Privacidad&nbsp;\u201cINFORM\u00c1TICA Y DESARROLLO EN SISTEMAS, S. A. DE C. V.\u201d&nbsp;la comunicar\u00e1 v\u00eda Internet por lo que podr\u00e1 consultarla en nuestra p\u00e1gina web:&nbsp;<a href=\"https:\/\/www.idsmovil.com.mx\/privacidad\">https:\/\/www.idsmovil.com.mx\/privacidad<\/a>.<\/p>\n\n\n\n<p><strong>TRATAMIENTO INDEBIDO DE DATOS PERSONALES.<\/strong><\/p>\n\n\n\n<p>Si Usted como titular considera que su derecho a la protecci\u00f3n de sus datos personales ha sido lesionado por alguna conducta u omisi\u00f3n de parte de&nbsp;\u201cINFORM\u00c1TICA Y DESARROLLO EN SISTEMAS, S. A. DE C. V.\u201d&nbsp;&nbsp;o presume alguna violaci\u00f3n a las disposiciones previstas en \u201cLA LEY\u201d y dem\u00e1s ordenamientos aplicables, podr\u00e1 interponer su inconformidad o denuncia ante el Instituto Nacional de Transparencia, Acceso a la Informaci\u00f3n y Protecci\u00f3n de Datos Personales (INAI). Para m\u00e1s informaci\u00f3n le sugerimos visitar su p\u00e1gina oficial de Internet&nbsp;<a href=\"http:\/\/www.inai.org.mx\/\">www.inai.org.mx<\/a>.<\/p>\n\n\n\n<p><strong>CONSENTIMIENTO.<\/strong><\/p>\n\n\n\n<p>Usted manifiesta que otorga su consentimiento al presente aviso de privacidad, pues ha le\u00eddo este y conoce las finalidades para el tratamiento de sus datos personales; las transferencias que&nbsp;\u201cINFORMATICA Y DESARROLLO EN SISTEMAS, S. A. DE C. V.\u201d&nbsp;efect\u00faa y que consiente libremente el tratamiento de sus datos personales en los t\u00e9rminos descritos en este aviso de privacidad.<\/p>\n\n\n\n<p><strong><em>Fecha \u00faltima actualizaci\u00f3n: 17 de Octubre de 2017.<\/em><\/strong><\/p>\n\n\n\n<div style=\"height:100px\" aria-hidden=\"true\" class=\"wp-block-spacer\"><\/div>\n\n\n\n<p class=\"has-large-font-size\"><strong>AVISO DE PRIVACIDAD<\/strong>&nbsp;<strong>SIMPLIFICADO<\/strong><\/p>\n\n\n\n<div style=\"height:100px\" aria-hidden=\"true\" class=\"wp-block-spacer\"><\/div>\n\n\n\n<p><strong>IDENTIFICACI\u00d3N Y DOMICILIO DEL RESPONSABLE.<\/strong><\/p>\n\n\n\n<p>INFORM\u00c1TICA Y DESARROLLO EN SISTEMAS, S. A. DE C.V., con domicilio ubicado en Daniel Huacuja Numero 32, Colonia Magisterial Vista Bella, Tlalnepantla Estado de M\u00e9xico, C. P. 54050, es responsable de recabar sus datos personales para los efectos enlistados en el presente aviso, as\u00ed como del uso y la protecci\u00f3n de los mismos.<\/p>\n\n\n\n<p><strong>FINALIDADES DEL TRATAMIENTO DE DATOS PERSONALES.<\/strong><\/p>\n\n\n\n<p>Por lo anterior, de conformidad con lo estipulado en la Ley Federal de Protecci\u00f3n de Datos Personales en Posesi\u00f3n de los Particulares (en adelante \u201cLA LEY\u201d), \u201cINFORM\u00c1TICA Y DESARROLLO EN SISTEMAS, S. A. DE C. V.\u201d le informa que la finalidad del tratamiento de sus datos personales por parte de la misma, de manera enunciativa m\u00e1s no limitativa ser\u00e1 para una de las siguientes opciones: Informaci\u00f3n sobre Capacitaciones, servicios de consultor\u00eda, beneficios de consultor\u00eda, an\u00e1lisis de consultor\u00eda,&nbsp;&nbsp;informaci\u00f3n de nuevas herramientas, invitaciones a participar en foros de ASUG M\u00c9XICO,&nbsp;&nbsp;actualizaci\u00f3n de bases de datos internas, para el uso de fines comerciales, operativos, de servicio, estad\u00edsticos, registro de clientes, proveedores y empleados, encuestas de servicio, emisi\u00f3n de la factura, para realizar auditor\u00edas, entre otros.<\/p>\n\n\n\n<p><strong>En caso de que no desee que sus datos personales sean tratados para estos fines adicionales, desde este momento usted nos puede notificar lo anterior, para ello<\/strong>usted puede ponerse en contacto con nosotros en la direcci\u00f3n, tel\u00e9fonos y\/o correos electr\u00f3nicos que mencionamos a continuaci\u00f3n:<\/p>\n\n\n\n<p><br><strong>Domicilio<\/strong>:&nbsp;Daniel Huacuja Numero 32, Colonia Magisterial Vista Bella, Tlalnepantla, Estado de M\u00e9xico.<\/p>\n\n\n\n<p><strong>Correo electr\u00f3nico<\/strong>:<\/p>\n\n\n\n<p>&nbsp;<a href=\"mailto:avisodeprivacidad@idsmovil.com.mx\">avisodeprivacidad@idsmovil.com.mx<\/a><\/p>\n\n\n\n<p><br><strong>Tel\u00e9fonos<\/strong>: +(55) 1663-0359<\/p>\n\n\n\n<p>Los horarios de atenci\u00f3n son de lunes a viernes de 9:00 a 14:00 horas y de 15:00 a 18:00 horas.<\/p>\n\n\n\n<p><strong>AVISO DE PRIVACIDAD INTEGRAL.<\/strong><\/p>\n\n\n\n<p>Para conocer mayor informaci\u00f3n sobre los t\u00e9rminos y condiciones en que ser\u00e1n tratados sus datos personales, como los terceros con quienes compartimos su informaci\u00f3n personal y la forma en que podr\u00e1 ejercer su derechos ARCO, puede consultar el aviso de privacidad integral en nuestra p\u00e1gina web:&nbsp;<a href=\"https:\/\/www.idsmovil.com.mx\/privacidad\">https:\/\/www.idsmovil.com.mx\/privacidad<\/a>.<\/p>\n\n\n\n<div style=\"height:100px\" aria-hidden=\"true\" class=\"wp-block-spacer\"><\/div>\n\n\n<div class=\"is-default-size aligncenter wp-block-site-logo\"><a href=\"https:\/\/idsmovil.com.mx\/\" class=\"custom-logo-link\" rel=\"home\"><img fetchpriority=\"high\" decoding=\"async\" width=\"559\" height=\"216\" src=\"https:\/\/idsmovil.com.mx\/wp-content\/uploads\/2024\/10\/cropped-cropped-LOGO_SITIO-IDS_2.png\" class=\"custom-logo\" alt=\"idsmovil.com.mx\" srcset=\"https:\/\/idsmovil.com.mx\/wp-content\/uploads\/2024\/10\/cropped-cropped-LOGO_SITIO-IDS_2.png 559w, https:\/\/idsmovil.com.mx\/wp-content\/uploads\/2024\/10\/cropped-cropped-LOGO_SITIO-IDS_2-200x77.png 200w\" sizes=\"(max-width: 559px) 100vw, 559px\" \/><\/a><\/div>\n\n\n<p><\/p>\n","protected":false},"excerpt":{"rendered":"<p>IDENTIFICACI\u00d3N Y DOMICILIO DEL RESPONSABLE. INFORM\u00c1TICA Y DESARROLLO EN SISTEMAS, S. A. DE C.V., con domicilio ubicado en Daniel Huacuja Numero 32, Colonia Magisterial Vista Bella, Tlalnepantla Estado de M\u00e9xico, C. P. 54050, es responsable de recabar sus datos personales para los efectos enlistados en el presente aviso, as\u00ed como del uso y la protecci\u00f3n&hellip; <br \/> <a class=\"read-more\" href=\"https:\/\/idsmovil.com.mx\/?page_id=560\">Read more<\/a><\/p>\n","protected":false},"author":2,"featured_media":0,"parent":0,"menu_order":0,"comment_status":"closed","ping_status":"closed","template":"","meta":{"footnotes":""},"class_list":["post-560","page","type-page","status-publish","hentry"],"_links":{"self":[{"href":"https:\/\/idsmovil.com.mx\/index.php?rest_route=\/wp\/v2\/pages\/560","targetHints":{"allow":["GET"]}}],"collection":[{"href":"https:\/\/idsmovil.com.mx\/index.php?rest_route=\/wp\/v2\/pages"}],"about":[{"href":"https:\/\/idsmovil.com.mx\/index.php?rest_route=\/wp\/v2\/types\/page"}],"author":[{"embeddable":true,"href":"https:\/\/idsmovil.com.mx\/index.php?rest_route=\/wp\/v2\/users\/2"}],"replies":[{"embeddable":true,"href":"https:\/\/idsmovil.com.mx\/index.php?rest_route=%2Fwp%2Fv2%2Fcomments&post=560"}],"version-history":[{"count":3,"href":"https:\/\/idsmovil.com.mx\/index.php?rest_route=\/wp\/v2\/pages\/560\/revisions"}],"predecessor-version":[{"id":564,"href":"https:\/\/idsmovil.com.mx\/index.php?rest_route=\/wp\/v2\/pages\/560\/revisions\/564"}],"wp:attachment":[{"href":"https:\/\/idsmovil.com.mx\/index.php?rest_route=%2Fwp%2Fv2%2Fmedia&parent=560"}],"curies":[{"name":"wp","href":"https:\/\/api.w.org\/{rel}","templated":true}]}}